1000010101100 + -10?
-110101101000010101110
In base 7, what is 520 - -1351551?
1352401
In base 3, what is -2211222001000 - 0?
-2211222001000
In base 12, what is -42 - -149a83?
149a41
In base 2, what is 11000011101 + -11011110110?
-11011001
In base 11, what is -102640a - -1?
-1026409
In base 7, what is -160455 + 316?
-160136
In base 8, what is 362304 - -12441?
374745
In base 12, what is 5 + 26969b2?
26969b7
In base 13, what is 1b852 + 500?
1c052
In base 11, what is 11 + -547a81?
-547a70
In base 10, what is -14458 + 37530?
23072
In base 9, what is -220206 - 13?
-220220
In base 15, what is -6e9 + 1248?
a4e
In base 5, what is -14 - 204142114?
-204142133
In base 15, what is -53 - -19ab1a?
19aab7
In base 14, what is 958a12 - -2?
958a14
In base 15, what is 581e8e - 28?
581e66
In base 10, what is 4 + -5382328?
-5382324
In base 7, what is -3 + 131105635?
131105632
In base 10, what is 43 + -12370?
-12327
In base 7, what is -163335 - -3613?
-156422
In base 15, what is b9d7 + 11e0?
cbc7
In base 13, what is 621 + 51910?
52231
In base 8, what is 670 + -43217?
-42327
In base 3, what is -10121101 - -1011101122?
1000210021
In base 9, what is 838 - -6716?
7655
In base 10, what is 1365 + 3095?
4460
In base 11, what is -2 - -3616a10?
3616a09
In base 15, what is b + eb961?
eb96c
In base 15, what is -d3d07 - a6?
-d3dad
In base 8, what is 4101731 - -5?
4101736
In base 2, what is 10100010010010100100011 + 10?
10100010010010100100101
In base 11, what is -947 - -48495?
47649
In base 15, what is -db - 592d?
-5a19
In base 13, what is 3 - -4c3474?
4c3477
In base 15, what is -1212 - -2d1?
-e31
In base 8, what is 3 - 1074731344?
-1074731341
In base 9, what is -15850536 + -4?
-15850541
In base 14, what is -143b - -27d0?
1393
In base 6, what is -333212 - -112?
-333100
In base 13, what is 5 + 1959196?
195919b
In base 11, what is -2624487 - -15?
-2624472
In base 13, what is -10 + -14a570?
-14a580
In base 5, what is 21241 + 112110?
133401
In base 16, what is 9db - 1ee28?
-1e44d
In base 13, what is -181 + 353c38?
353a87
In base 10, what is 2 - 22050328?
-22050326
In base 6, what is -3255110542 + 1?
-3255110541
In base 5, what is -301312 + 222004?
-24303
In base 12, what is 506121 + -10?
506111
In base 4, what is -10232 - 21113031?
-21123323
In base 16, what is ed + -492d8?
-491eb
In base 14, what is 24 + 1ad740?
1ad764
In base 8, what is -5 - 55205627?
-55205634
In base 4, what is -10331103111 - -1?
-10331103110
In base 2, what is 11100000101100011010000011101 - 10?
11100000101100011010000011011
In base 9, what is -10232 + 563?
-8558
In base 7, what is -1400315456 + 2?
-1400315454
In base 4, what is 3330323 + 1231211?
11222200
In base 2, what is 101010011010110001111 - 1001111011?
101010011001100010100
In base 7, what is -201546 - -1461?
-200055
In base 13, what is -3c22869 - -22?
-3c22847
In base 4, what is -12021301321213 + 12?
-12021301321201
In base 2, what is -1001000100010101111 + 11110010000?
-1001000000100011111
In base 4, what is -120 - 3132000131?
-3132000311
In base 13, what is -996 + 342c2?
33629
In base 7, what is -2362326 + 564?
-2361432
In base 14, what is 44a35 + 106?
44b3b
In base 14, what is 52 - -24772?
247c4
In base 12, what is -18 + -33788?
-337a4
In base 9, what is 20280 + 703?
21083
In base 13, what is -11c028c4 + 1?
-11c028c3
In base 12, what is 478 - -15635?
15ab1
In base 5, what is -434211220413 + -1?
-434211220414
In base 5, what is -1310 + 133040?
131230
In base 12, what is 8711 + -36b?
8362
In base 11, what is 17a + -5541?
-5372
In base 11, what is -17 - -4968250?
4968234
In base 3, what is -120 - -200011110212220?
200011110212100
In base 3, what is -202120112 + -12000?
-202202112
In base 13, what is -3 - -24c4938?
24c4935
In base 7, what is -235113 + -104?
-235220
In base 5, what is -13 + 323200421?
323200403
In base 9, what is 6578362 + 178?
6578551
In base 11, what is -590 + -108a0?
-11380
In base 16, what is dc11191 + 1?
dc11192
In base 2, what is 10000110101001 - -10100001010011?
100100111111100
In base 5, what is -10202344400 - -2?
-10202344343
In base 8, what is 1 + -305410265?
-305410264
In base 12, what is -29035 - 917?
-29950
In base 9, what is -3 + -3736356?
-3736360
In base 13, what is 6c86996 - 5?
6c86991
In base 2, what is 1 - 111101000101100001?
-111101000101100000
In base 5, what is -2000 + -334402?
-341402
In base 16, what is -4 - -95ea08?
95ea04
In base 11, what is 1124 + -3565?
-2441
In base 6, what is -331023 + -4001?
-335024
In base 3, what is 221201102220 - -1201?
221201111121
In base 4, what is 13123201102 - 123?
13123200313
In base 16, what is -d901c - -5?
-d9017
In base 15, what is -3 + 6d54d4?
6d54d1
In base 13, what is -4 + -3628550?
-3628554
In base 8, what is -224105566 + -1?
-224105567
In base 11, what is 625 - -536a0?
54215
In base 10, what is 2 - 5696816?
-5696814
In base 16, what is 542 - -9430?
9972
In base 16, what is -3 - 76ccbe?
-76ccc1
In base 6, what is 302 - 13413554?
-13413252
In base 13, what is -2c6 + -324526?
-32481c
In base 16, what is -56e - -830?
2c2
In base 15, what is -4410 + -13c4?
-57d4
In base 3, what is -200012210001 - -201?
-200012202100
In base 5, what is 2140033 + 21444?
2212032
In base 4, what is 3 + -21002301311?
-21002301302
In base 3, what is -11 - 22002120110221?
-22002120111002
In base 2, what is 100001011101101 + 10111010001010?
111000101110111
In base 12, what is -9a8414 - 19?
-9a8431
In base 13, what is 4 + 427b60a5?
427b60a9
In base 6, what is 1025 - 15314145?
-15313120
In base 7, what is -416335 + -6536?
-426204
In base 5, what is -3111442222 + -20?
-3111442242
In base 12, what is -6474915a - -4?
-64749156
In base 14, what is 219 + 8d12?
912b
In base 13, what is -5 + -409b8040?
-409b8045
In base 12, what is -7 + 40a0326?
40a031b
In base 15, what is -1e327 - 44?
-1e36b
In base 14, what is 0 - -39a9b7?
39a9b7
In base 11, what is 937112 - -1?
937113
In base 6, what is -10351025 - -14?
-10351011
In base 10, what is 286058 + -22?
286036
In base 2, what is -100001 - 1010001111110010010101?
-1010001111110010110110
In base 5, what is 224113104 + 441?
224114100
In base 10, what is 186 + 59612?
59798
In base 3, what is -10211021102 + -1002001?
-10212100110
In base 5, what is -1 + -2344112120?
-2344112121
In base 13, what is -465715 + -c4?
-465809
In base 5, what is -11132410 + 23003?
-11104402
In base 13, what is 8a0 - 57a93?
-571c3
In base 8, what is 4 - 1764221020?
-1764221014
In base 4, what is -11 - 1201311002033?
-1201311002110
In base 9, what is 1646768 + -123?
1646645
In base 16, what is 4d28 - 3749?
15df
In base 12, what is -484 + -20b70a?
-20bb92
In base 16, what is -5c - -b02c?
afd0
In base 11, what is -3669036 - 163?
-3669199
In base 7, what is -65515522 + 32?
-65515460
In base 2, what is 110100000100 + 10010010110?
1000110011010
In base 7, what is -10066044 - 5?
-10066052
In base 15, what is 583 - -1ab2?
2145
In base 2, what is -10111010000010111101001 + 1010?
-10111010000010111011111
In base 3, what is -11 + -101220022122222?
-101220022200010
In base 6, what is 54051 + 3453?
101544
In base 15, what is 866048 - -2?
86604a
In base 15, what is -39 + 1ca58e?
1ca555
In base 7, what is -13222300 + 0?
-13222300
In base 11, what is -1693 - 129266?
-12a949
In base 15, what is -13d9828 + d?
-13d981a
In base 10, what is -344152 + -145?
-344297
In base 9, what is 58103 + 4801?
64004
In base 16, what is -1268531 - -4?
-126852d
In base 11, what is 3 - 61989a15?
-61989a12
In base 4, what is 21 - 101033320023?
-101033320002
In base 15, what is 4de3b - -14?
4de50
In base 11, what is -209447 + -7?
-209453
In base 9, what is 11680 + 258?
12048
In base 14, what is 2516421 + -14?
251640b
In base 5, what is -103312 + -1040140?
-1144002
In base 7, what is 636 - -40261166?
40262135
In base 3, what is 2100121101201 + 1201?
2100121110102
In base 2, what is 10100100010011011111000 + -11?
10100100010011011110101
In base 7, what is 35 - -114160630?
114160665
In base 8, what is -7041 + -101646?
-110707
In base 9, what is 17365 + -552?
16713
In base 13, what is -2a - -252085b?
2520831
In base 5, what is -401323332 - 244?
-401324131
In base 12, what is 27455 + -3814?
23841
In base 16, what is 4 + -15193d6?
-15193d2
In base 6, what is 12 + -415425051?
-415425035
In base 9, what is -300 + 1430047?
1428647
In ba